6. Let o = u + 12. Let z(c) = 57*c**2 + 2*c + 1. Let v be z(-1). Calculate the highest common divisor of v and o.
7
Suppose 6*l = 5*z + 2*l - 1570, -2*z + 625 = -l. What is the greatest common factor of 10 and z?
10
Suppose -4*w + 5*v = -104, 3*w - 27 = 2*w + v. Let k = w + -9. Suppose -4*s = -4, -3*y + 14 + 21 = 2*s. What is the highest common divisor of y and k?
11
Let z(a) = a**3 + 9*a**2 + 10*a + 6. Suppose 2*u + u = -18. Let i be z(u). Calculate the greatest common divisor of i and 9.
9
Let m = 24 + 1. Let z be 6/(-9)*(-73 + (7 - 9)). What is the highest common divisor of z and m?
25
Let d be -2 + 0 + (7 - 2). Let p be ((-133)/(-399))/((-2)/(-6)). What is the highest common divisor of p and d?
1
Let s(i) = -i**3 - 6*i**2 - 3*i + 23. Let w be s(-4). Suppose d = 4*c + 35, -4*d - 3*c = -159 + 57. What is the greatest common factor of w and d?
3
Let u(h) = -1310*h + 42. Let d be u(-3). Calculate the highest common factor of d and 12.
12
Let m be (-60 - 0)*((-5)/10)/1. Let x(i) = i**3. Let o be x(2). Let z be 8/2*150/o. Calculate the greatest common factor of z and m.
15
Let g be (788/(-6))/((-24)/(-36)). Let d = g + 341. What is the greatest common divisor of 18 and d?
18
Let h be (12/(-8))/(2*2/(-40)). Calculate the highest common divisor of 45 and h.
15
Suppose -4*n + 6*n - 882 = 2*l, -2*n + 878 = -3*l. What is the greatest common divisor of 267 and n?
89
Let q(u) = 128*u + 5. Let w be q(2). Suppose -w + 240 = -3*z. Calculate the highest common divisor of z and 21.
7
Let g be (-2)/4 - 2/(-4). Let c(t) = -t**3 + 3*t**2 + t + 147. Let j be c(g). Calculate the highest common factor of 21 and j.
21
Let s(l) = l**3 - 2*l**2 - 6*l + 2. Let b be s(4). What is the highest common divisor of 85 and b?
5
Let p be ((-36)/10)/((-6)/80). Let k(n) = -n**3 - 3*n**2 + 3*n + 4. Let m be (1 - -2)*24/(-18). Let b be k(m). Calculate the greatest common factor of p and b.
8
Let t = 25 - 16. Let h be 10/14 - 12/(-42). What is the highest common divisor of h and t?
1
Let t(d) = d**2 - 8*d - 5. Let v be (-18)/12 + 75/6 + -1. Let b be t(v). Calculate the highest common factor of 60 and b.
15
Suppose 4*m - 2*m - 10 = 0. Suppose 5*i = -m*w + 25, i + 0*i + 13 = 2*w. Calculate the highest common factor of 42 and w.
6
Let o(j) = 2*j - 14. Suppose -3*a - 4 = -52. Let n be a/3*(-15)/(-10). Let k be o(n). What is the highest common factor of 5 and k?
1
Let d(y) = 4*y + 24. Let t be d(-10). Let k = 24 + t. What is the highest common divisor of k and 24?
8
Suppose 5*u - 30 = -0*u. Let v(o) = 0*o + u - 10*o**2 + 11*o**2 + o. Let q be v(0). What is the highest common divisor of 12 and q?
6
Suppose -24*v - 2*v + 1378 = 0. What is the highest common divisor of 1537 and v?
53
Let t be -19 + (-1040)/(-30) - 1/(-3). Suppose -5*b + 92 - 32 = 0. Calculate the greatest common factor of b and t.
4
Suppose 0 = 2*f - 8*f. Let r = 44 + -24. Suppose f = b + 3*b - r. What is the greatest common factor of b and 40?
5
Suppose -3*a - 468 = -516. Calculate the greatest common factor of 44 and a.
4
Let p = -201 + 296. Let q = -5 + 10. Let b(f) = 2*f**2 - 7*f + 4. Let h be b(q). Calculate the greatest common factor of h and p.
19
Let t = -13 - -44. Let g = 38 - t. Calculate the highest common divisor of 35 and g.
7
Suppose -4*x + 15*x = 3465. What is the highest common factor of x and 180?
45
Suppose -2*f - h + 236 = -84, 3*h = 0. Calculate the highest common factor of 30 and f.
10
Suppose -29*g + 27*g = 0. Suppose 5*v + 4*z = 289, 0 = 5*z - g*z - 5. Calculate the highest common factor of v and 38.
19
Let y be 4/(-18) - (-3488)/144. What is the highest common factor of y and 18?
6
Let i(n) = -4*n + 131. Let f be i(-7). Calculate the highest common factor of f and 3.
3
Let z = -43 - -45. Suppose 4*u - 12 = h, -h = z*u + 2*h - 6. What is the highest common divisor of 15 and u?
3
Let k be (18/(-21))/((-3)/322). What is the greatest common divisor of 46 and k?
46
Suppose -5*f + 2292 - 767 = 3*w, -3*w + 1223 = 4*f. Suppose -f + 14 = -2*u. Calculate the greatest common factor of u and 9.
9
Let z be (-2)/(-4) - 2765/(-14). Suppose -z + 558 = 5*y. What is the greatest common factor of 8 and y?
8
Suppose 0 = 2*s - 56 + 84. Let i(f) = -3*f - 33. Let o be i(s). What is the greatest common divisor of o and 15?
3
Let s = -16 + 30. Suppose 214 - 816 = -43*f. What is the highest common divisor of s and f?
14
Suppose 1182*b - 1156*b = 624. Calculate the highest common factor of b and 132.
12
Let z = 1874 + -1379. What is the highest common divisor of 360 and z?
45
Suppose -4*h + 67 = 23. Let s(u) = -u - 3*u - 18 + 7*u + 8. Let x be s(7). Calculate the greatest common divisor of h and x.
11
Suppose 3*a + 66 = a. Let u = 12 + a. Let p be -1 - (-1)/((-3)/u). Calculate the highest common divisor of 42 and p.
6
Suppose 2*l - 243 = -7*l. Let q be (-164)/(-9) + 8/(-36). What is the highest common divisor of q and l?
9
Suppose -9*v + 15109 = -14195. Calculate the highest common factor of v and 37.
37
Suppose 5*p = 38 + 22. Suppose 5*h = 4*w + 15, 2*w = 4*h - 0*h - p. Suppose -25 = -h*d + 2. Calculate the highest common divisor of 45 and d.
9
Suppose -11 = -3*f + 13. Let o(g) = -4*g - 20. Let w be o(-15). Calculate the highest common divisor of f and w.
8
Let h(f) = f**3 + 22*f**2 + 109*f - 20. Let z be h(-14). Calculate the highest common divisor of z and 275.
11
Let b = 31 + -27. Suppose -4*t + 55 = 2*k + k, -t = b*k - 30. What is the highest common divisor of t and 5?
5
Let g be -4*2*(-7)/(-14). Let v be g/26 - (-14119)/91. Calculate the highest common factor of v and 62.
31
Let k(m) = -2*m**2 + 9*m - 1. Let d be k(2). What is the highest common factor of 36 and d?
9
Let a be (-16)/(-4) - (-3 - -1). Let f(y) = y**3 + 20*y**2 - 20*y + 26. Let r be f(-21). Let n be 3/9*213 - r. What is the greatest common factor of n and a?
6
Let f(r) be the second derivative of r**4/6 - 2*r**3/3 + 2*r**2 + 11*r. Let o be f(3). What is the highest common divisor of o and 15?
5
Let h be -10 - 6*(-94 + -3). Calculate the highest common divisor of h and 208.
52
Let x = 358 - 314. Let h(u) = 22*u**2 + u + 1. Let y be h(-1). What is the greatest common divisor of y and x?
22
Let q(m) = 6*m**2 - 4*m + 9. Let i be q(-6). Suppose 3*f = -81 + i. Let r = -16 - -30. Calculate the highest common divisor of r and f.
14
Suppose 2*v = -2*z, -9 = -4*v - 0*v - z. Suppose 0 = -f - 18 + v. Let j be (-378)/(-15) - (-3)/f. Calculate the highest common divisor of 5 and j.
5
Suppose 4*w = -2*h + 3046, -8*h + 784 = w - 3*h. What is the greatest common factor of w and 207?
69
Let y(w) = -36*w**2 + 5 + 18 + w**3 + 26*w**2 - 2*w. Let r be y(10). What is the greatest common divisor of r and 2?
1
Let b = 75 + -62. Suppose -61 = -3*u - b. Calculate the highest common factor of 80 and u.
16
Let s = -26 - -32. Let u(b) be the second derivative of b**4/12 + b**3 + 7*b**2/2 + 8*b. Let l be u(-5). Calculate the highest common factor of s and l.
2
Let a = -13 - -256. Let o = a - 139. What is the highest common factor of o and 13?
13
Suppose -131 = -5*i + 9. Let g be i/(-5)*(40 - 0). Let f = -17 - g. What is the greatest common divisor of 23 and f?
23
Suppose 5*j = -2246 + 2276. What is the highest common factor of 1200 and j?
6
Let u = -330 + 350. Suppose 0 = -j + 9 + 211. What is the highest common divisor of u and j?
20
Let l be (-5)/15 + 556/3. Let x be 2/4 - l/(-10). Calculate the greatest common divisor of 152 and x.
19
Let t be (0 + (-42)/(-4))*8/1. Calculate the highest common factor of t and 21.
21
Let u = 14617 - 14605. Suppose -4*c - 45 = -3*b, 0*c = 3*c. Calculate the greatest common factor of b and u.
3
Let m(l) = -l - 6. Let q be m(-9). Suppose -3*i - 6*t - 22 = -t, 0 = -q*i + 3*t + 18. Let n be (-20)/(-16)*16/i. Calculate the highest common factor of 8 and n.
4
Let z = 23 - 5. Let o = 14 + z. Suppose 0*r = 2*r - o. What is the greatest common factor of 48 and r?
16
Let a be 95 - ((-16)/(-14) - 2/14). Suppose -z - 5*j + 80 = z, 0 = -3*z - j + a. Suppose 3*i - 5*i + 150 = 0. Calculate the highest common factor of i and z.
15
Let r be 2/3*9/6. Let v be r*(1 - 3) - -15. Let g be (-40)/(-4) + 0 - -3. Calculate the greatest common divisor of v and g.
13
Suppose -1590 = -39*l + 24*l. Calculate the greatest common divisor of 4 and l.
2
Let w be (-134)/(-4) - 3/(